0?
1012
In base 13, what is 1 - 944?
-943
In base 11, what is -2 + -37?
-39
In base 14, what is a5 - 1b?
88
In base 13, what is -7 + 63?
59
In base 8, what is -403 + -52?
-455
In base 11, what is 221 + 4?
225
In base 15, what is -a8 + -9?
-b2
In base 10, what is -2 + 7?
5
In base 5, what is -10 + -13224?
-13234
In base 9, what is -35 - -64?
28
In base 11, what is -2 - 203?
-205
In base 13, what is 8 - 140?
-135
In base 9, what is -361 + 5?
-355
In base 9, what is -3 - 447?
-451
In base 12, what is -39 + -409?
-446
In base 11, what is 178 - 0?
178
In base 11, what is 5 + 29?
33
In base 7, what is -40 + 3016?
2646
In base 14, what is 70c0 + 2?
70c2
In base 12, what is 2 + 37?
39
In base 13, what is -1c - -18?
-4
In base 2, what is 101000100 - -11?
101000111
In base 6, what is -13021 + 2?
-13015
In base 14, what is -19 - -735?
71a
In base 15, what is -3 + -33?
-36
In base 2, what is 101 + 11100?
100001
In base 9, what is -115 - -38?
-66
In base 5, what is 1013 - 24?
434
In base 11, what is 19518 - 4?
19514
In base 14, what is -3 - 812?
-815
In base 12, what is 2b + -206?
-197
In base 4, what is 3 - 1312?
-1303
In base 13, what is 3 - 46?
-43
In base 12, what is 97a - 10?
96a
In base 11, what is 5499 - 4?
5495
In base 14, what is 4 - 82?
-7c
In base 5, what is 4 + -30?
-21
In base 14, what is -3 + 25b?
258
In base 13, what is 37c + 2?
381
In base 11, what is 3 + -174?
-171
In base 5, what is -4 - 232340?
-232344
In base 13, what is 25 - -59?
81
In base 2, what is 111 + -10110100?
-10101101
In base 7, what is -2013 - -1?
-2012
In base 10, what is -5 - 146?
-151
In base 13, what is 21b + 10?
22b
In base 15, what is 2e - 21?
d
In base 9, what is -485 + 3?
-482
In base 16, what is -11 + -b9?
-ca
In base 7, what is -125 + -5?
-133
In base 8, what is 26 + 12?
40
In base 14, what is 781 - 0?
781
In base 15, what is 82d + -2?
82b
In base 14, what is -5 + 4dc?
4d7
In base 11, what is -5 - -768?
763
In base 12, what is -332 + 4?
-32a
In base 14, what is 4 + 23d?
243
In base 10, what is -165 - 1?
-166
In base 9, what is 3 - 251?
-247
In base 3, what is -1001212 - -1?
-1001211
In base 7, what is -23423 - 4?
-23430
In base 13, what is -4 - -13a3?
139c
In base 13, what is 9 + -84?
-78
In base 3, what is 2 + 1121?
1200
In base 14, what is 8a + -5?
85
In base 8, what is 143 + 244?
407
In base 11, what is -3042 - 2?
-3044
In base 15, what is 3 + 4c4?
4c7
In base 9, what is -2725 - 7?
-2733
In base 13, what is 10aa + -2?
10a8
In base 13, what is -56 - 3?
-59
In base 5, what is 1343 - -4?
1402
In base 4, what is 21131 - -10?
21201
In base 9, what is -188 + -28?
-227
In base 3, what is 1100101 - 2?
1100022
In base 5, what is 441 - -433?
1424
In base 16, what is 0 - 17?
-17
In base 7, what is 4 + 124?
131
In base 14, what is -5 - 10?
-15
In base 15, what is -7 + -25?
-2c
In base 4, what is -200 + 3223?
3023
In base 13, what is 3ca - -48?
445
In base 12, what is 12 - 16?
-4
In base 16, what is ed - 4?
e9
In base 16, what is -bf + 5?
-ba
In base 14, what is 3 - -863?
866
In base 15, what is -140 + 6?
-139
In base 15, what is 0 + -c9?
-c9
In base 15, what is -6 + a7?
a1
In base 9, what is 0 - 726?
-726
In base 9, what is 1580 - -4?
1584
In base 6, what is 3405 - -32?
3441
In base 4, what is -2 - -1223013?
1223011
In base 6, what is -42 + -52?
-134
In base 2, what is 10000 + 11100010000?
11100100000
In base 7, what is -5 + 63?
55
In base 7, what is -3 + -20506?
-20512
In base 6, what is -1 + 202?
201
In base 4, what is 22 + 201?
223
In base 12, what is 111 + 5?
116
In base 9, what is -205 + 6?
-188
In base 10, what is -2 + 419?
417
In base 2, what is -11 + -100000111?
-100001010
In base 13, what is 4 + 205?
209
In base 5, what is 1 + -2341?
-2340
In base 3, what is -1102 - -20?
-1012
In base 7, what is 243 + -4?
236
In base 5, what is 10 + -114?
-104
In base 14, what is 1c + 7?
25
In base 10, what is -2219 - 3?
-2222
In base 4, what is -10 - -123?
113
In base 11, what is 583 - -1?
584
In base 11, what is -2 - 3618?
-361a
In base 15, what is 0 + 4c?
4c
In base 16, what is -22 - -4?
-1e
In base 4, what is 122122 - 0?
122122
In base 10, what is -10 - 0?
-10
In base 4, what is 0 + -1013310?
-1013310
In base 16, what is c - -217?
223
In base 3, what is 2122 - -1?
2200
In base 12, what is -12 - -20b?
1b9
In base 5, what is -1203 + -210?
-1413
In base 10, what is -394 + 6?
-388
In base 10, what is 4 + 111?
115
In base 12, what is 2520 - 5?
2517
In base 4, what is 30123 - 11?
30112
In base 4, what is -10 + 201102?
201032
In base 5, what is -40 + -4?
-44
In base 2, what is -100 + -101000?
-101100
In base 14, what is 10 - -b?
1b
In base 9, what is 51 + -157?
-106
In base 2, what is 1001 + 11010101?
11011110
In base 12, what is 16 - -33b?
355
In base 12, what is 14 - 140?
-128
In base 6, what is 12 - 11550?
-11534
In base 10, what is -81 - -5?
-76
In base 2, what is -110101011 - 11?
-110101110
In base 6, what is -33 - -13?
-20
In base 9, what is 1581 + -4?
1576
In base 5, what is -22 + -4?
-31
In base 10, what is 7 + -3?
4
In base 15, what is -4 + 3e3?
3de
In base 9, what is 67 - -2?
70
In base 5, what is -4 - -102023?
102014
In base 16, what is -2 - -b3?
b1
In base 16, what is -12 + 1?
-11
In base 5, what is -43214 - -4?
-43210
In base 4, what is -1200 + -1?
-1201
In base 12, what is 3 - 48?
-45
In base 10, what is 2 + 68?
70
In base 12, what is -10 + 2?
-a
In base 6, what is 2 + -141?
-135
In base 5, what is -2 + 102?
100
In base 5, what is -231 - -30?
-201
In base 16, what is -2d1 + 5?
-2cc
In base 3, what is -12 - -1022?
1010
In base 13, what is -37 + -6?
-40
In base 12, what is -ab - 0?
-ab
In base 6, what is 4 + -1110?
-1102
In base 8, what is -4 - 120?
-124
In base 3, what is 110 + 121022?
121202
In base 15, what is 8b - -4?
90
In base 3, what is -21 + -1220002?
-1220100
In base 12, what is 2 + 23?
25
In base 6, what is 4 + 53?
101
In base 6, what is 1303 + 3?
1310
In base 13, what is -200 + -c?
-20c
In base 6, what is 0 - -1102?
1102
In base 7, what is -133 - 2?
-135
In base 8, what is 16 + -20?
-2
In base 12, what is -2b + -110?
-13b
In base 14, what is -1 + 879?
878
In base 16, what is 2be - 7?
2b7
In base 14, what is 7 - 3b?
-34
In base 7, what is -23 - 560?
-613
In base 15, what is -2 + -21ba?
-21bc
In base 8, what is -2 - -7732?
7730
In base 2, what is 11001001 + 110?
11001111
In base 14, what is -8 + 163?
159
In base 10, what is -18 + 128?
110
In base 10, what is 0 - -43?
43
In base 7, what is 23146 + 3?
23152
In base 2, what is 10000001001 - 10111?
1111110010
In base 15, what is -3 + 6e?
6b
In base 2, what is -110 - 111110?
-1000100
In base 10, what is 679 - 11?
668
In base 6, what is -11550 + -3?
-11553
In base 4, what is -11 - 3203?
-3220
In base 10, what is 78 + -4?
74
In base 14, what is 339 - 5?
334
In base 14, what is -5 + -2c?
-33
In base 3, what is -10 - 20210?
-20220
In base 10, what is 62 + 172?
234
In base 15, what is -e - 1e?
-2d
In base 4, what is -333 + -3?
-1002
In base 4, what is -10 + -12122?
-12132
In base 12, what is -1a6 - 0?
-1a6
In base 2, what is 101000 + 1001001110?
1001110110
In base 9, what is 4 - 716?
-712
In base 16, what is -dc - 4?
-e0
In base 12, what is -219b - 4?
-21a3
In base 8, what is -572 + -3?
-575
In base 16, what is -2c + -1b?
-47
In base 16, what is -9d - -1?
-9c
In base 4, what is 10332 - -313?
11311
In base 12, what is -5 + 39b?
396
In base 6, what is 3531 + 2?
3533
In base 6, what is -1111 + 31?
-1040
In base 14, what is 5 - a?
-5
In base 13, what is -244 - 0?
-244
In base 16, what is -41d - 1b?
-438
In base 2, what is 10010 + 0?
10010
In base 16, what is 27 + 2?
29
In base 15, what is -197 + 3?
-194
In base 4, what is -122 - -13120?
12332
In base 4, what is 12 - 21331?
-21313
In base 13, what is 4 - -36?
3a
In base 10, what is -6 - -49?
43
In base 15, what is 2 + -4e?
-4c
In base 15, what is -e3 - -c?
-d6
In base 4, what is -3 + 2020?
2011
In base 13, what is 5c65 + -3?
5c62
In base 13, what is -4 - -41?
3a
In base 7, what is 15 - 56?
-41
In base 16, what is 5 - -4f5?
4fa
In base 14, what is 17 - 53?
-3a
In base 8, what is -5 + -576?
-603
In base 7, what is 5 + -3453?
-3445
In base 15, what is -21c - -2?
-21a
In base 16, what is 66 - -2?
68
In base 4, what is -1311 - 1101?
-3012
In base 11, what is 3a - -3?
42
In base 